
What is the units digit of 4371?
1
What is the tens digit of 1534?
3
What is the tens digit of 6419?
1
What is the tens digit of 24540?
4
What is the thousands digit of 1057?
1
What is the tens digit of 4810?
1
What is the ten thousands digit of 89839?
8
What is the ten thousands digit of 108979?
0
What is the thousands digit of 3009?
3
What is the hundreds digit of 4175?
1
What is the hundreds digit of 7670?
6
What is the hundreds digit of 113901?
9
What is the tens digit of 1313?
1
What is the tens digit of 8037?
3
What is the units digit of 14319?
9
What is the thousands digit of 1210?
1
What is the hundreds digit of 133505?
5
What is the hundreds digit of 2539?
5
What is the thousands digit of 2403?
2
What is the hundreds digit of 88488?
4
What is the thousands digit of 6547?
6
What is the tens digit of 69644?
4
What is the tens digit of 78448?
4
What is the hundreds digit of 694?
6
What is the tens digit of 6878?
7
What is the ten thousands digit of 108814?
0
What is the hundred thousands digit of 154845?
1
What is the ten thousands digit of 83768?
8
What is the units digit of 4004?
4
What is the thousands digit of 9782?
9
What is the tens digit of 3437?
3
What is the units digit of 1021?
1
What is the tens digit of 443?
4
What is the hundreds digit of 1158?
1
What is the hundreds digit of 184787?
7
What is the ten thousands digit of 10173?
1
What is the hundreds digit of 1656?
6
What is the hundreds digit of 1802?
8
What is the tens digit of 259?
5
What is the tens digit of 612?
1
What is the ten thousands digit of 33649?
3
What is the tens digit of 587?
8
What is the hundreds digit of 10509?
5
What is the units digit of 23574?
4
What is the units digit of 8949?
9
What is the hundreds digit of 158?
1
What is the units digit of 542?
2
What is the units digit of 3032?
2
What is the units digit of 3387?
7
What is the units digit of 11534?
4
What is the hundreds digit of 5283?
2
What is the ten thousands digit of 122222?
2
What is the thousands digit of 12359?
2
What is the units digit of 310?
0
What is the units digit of 7369?
9
What is the tens digit of 8636?
3
What is the tens digit of 801?
0
What is the units digit of 2101?
1
What is the thousands digit of 1506?
1
What is the units digit of 147702?
2
What is the tens digit of 2347?
4
What is the hundreds digit of 10741?
7
What is the units digit of 65042?
2
What is the hundreds digit of 15287?
2
What is the hundred thousands digit of 162321?
1
What is the hundreds digit of 3277?
2
What is the units digit of 8593?
3
What is the tens digit of 9944?
4
What is the thousands digit of 3411?
3
What is the units digit of 816?
6
What is the thousands digit of 2508?
2
What is the thousands digit of 8664?
8
What is the tens digit of 3093?
9
What is the hundreds digit of 87256?
2
What is the ten thousands digit of 24900?
2
What is the tens digit of 9361?
6
What is the tens digit of 55563?
6
What is the tens digit of 9872?
7
What is the tens digit of 9380?
8
What is the thousands digit of 1394?
1
What is the hundreds digit of 695?
6
What is the tens digit of 4000?
0
What is the hundreds digit of 930?
9
What is the units digit of 4035?
5
What is the thousands digit of 5724?
5
What is the hundreds digit of 187?
1
What is the thousands digit of 12412?
2
What is the units digit of 300?
0
What is the tens digit of 862?
6
What is the thousands digit of 1595?
1
What is the units digit of 43885?
5
What is the tens digit of 4257?
5
What is the tens digit of 1012?
1
What is the tens digit of 5850?
5
What is the tens digit of 1175?
7
What is the thousands digit of 21472?
1
What is the units digit of 2701?
1
What is the hundreds digit of 593?
5
What is the tens digit of 26807?
0
What is the tens digit of 4459?
5
What is the hundreds digit of 723?
7
What is the units digit of 441?
1
What is the hundreds digit of 1097?
0
What is the tens digit of 18403?
0
What is the units digit of 26185?
5
What is the units digit of 381?
1
What is the tens digit of 39560?
6
What is the units digit of 4687?
7
What is the thousands digit of 13468?
3
What is the hundreds digit of 8288?
2
What is the tens digit of 2960?
6
What is the hundreds digit of 10644?
6
What is the hundreds digit of 3399?
3
What is the hundreds digit of 7064?
0
What is the tens digit of 23035?
3
What is the thousands digit of 5952?
5
What is the hundreds digit of 1175?
1
What is the tens digit of 136474?
7
What is the units digit of 477?
7
What is the tens digit of 358?
5
What is the hundreds digit of 12698?
6
What is the tens digit of 42005?
0
What is the hundreds digit of 5104?
1
What is the tens digit of 3475?
7
What is the units digit of 2481?
1
What is the hundreds digit of 1675?
6
What is the ten thousands digit of 11868?
1
What is the thousands digit of 14971?
4
What is the hundreds digit of 3438?
4
What is the thousands digit of 9376?
9
What is the hundreds digit of 1295?
2
What is the hundreds digit of 2767?
7
What is the thousands digit of 4623?
4
What is the tens digit of 41057?
5
What is the thousands digit of 1936?
1
What is the units digit of 5719?
9
What is the thousands digit of 29471?
9
What is the ten thousands digit of 95964?
9
What is the tens digit of 52367?
6
What is the ten thousands digit of 122685?
2
What is the hundreds digit of 675?
6
What is the hundreds digit of 41250?
2
What is the thousands digit of 1653?
1
What is the tens digit of 60410?
1
What is the thousands digit of 28553?
8
What is the hundreds digit of 2710?
7
What is the units digit of 14668?
8
What is the thousands digit of 1876?
1
What is the tens digit of 2957?
5
What is the units digit of 335?
5
What is the units digit of 324?
4
What is the tens digit of 9220?
2
What is the thousands digit of 2260?
2
What is the thousands digit of 7427?
7
What is the thousands digit of 2550?
2
What is the tens digit of 3819?
1
What is the ten thousands digit of 61501?
6
What is the units digit of 48365?
5
What is the hundreds digit of 928?
9
What is the units digit of 1097?
7
What is the tens digit of 5410?
1
What is the hundreds digit of 18456?
4
What is the tens digit of 896?
9
What is the units digit of 459?
9
What is the thousands digit of 3561?
3
What is the hundreds digit of 9849?
8
What is the units digit of 949?
9
What is the hundreds digit of 994?
9
What is the hundreds digit of 4398?
3
What is the tens digit of 15823?
2
What is the hundreds digit of 5749?
7
What is the units digit of 93709?
9
What is the units digit of 5690?
0
What is the units digit of 2310?
0
What is the units digit of 813?
3
What is the units digit of 36499?
9
What is the thousands digit of 2183?
2
What is the tens digit of 2227?
2
What is the tens digit of 83569?
6
What is the tens digit of 21247?
4
What is the hundreds digit of 1227?
2
What is the hundred thousands digit of 190254?
1
What is the units digit of 234?
4
What is the hundreds digit of 729?
7
What is the hundreds digit of 152443?
4
What is the units digit of 11317?
7
What is the thousands digit of 25357?
5
What is the thousands digit of 1446?
1
What is the tens digit of 1566?
6
What is the units digit of 1402?
2
What is the tens digit of 1976?
7
What is the units digit of 89130?
0
What is the hundreds digit of 43041?
0
What is the thousands digit of 7551?
7
What is the units digit of 248?
8
What is the units digit of 133?
3
What is the thousands digit of 1615?
1
What is the tens digit of 5533?
3
What is the tens digit of 2149?
4
What is the thousands digit of 6743?
6
What is the units digit of 27?
7
What is the hundreds digit of 1457?
4
What is the units digit of 1382?
2
What is the hundreds digit of 905?
9
What is the tens digit of 32790?
9
What is the tens digit of 6845?
4
What is the hundred thousands digit of 154727?
1
What is the units digit of 751?
1
What is the thousands digit of 5332?
5
What is the tens digit of 351?
5
What is the tens digit of 284?
8
What is the tens digit of 2084?
8
What is the thousands digit of 1751?
1
What is the tens digit of 23363?
6
What is the units digit of 14658?
8
What is the tens digit of 556?
5
What is the tens digit of 15366?
6
What is the hundreds digit of 20664?
6
What is the thousands digit of 54568?
4
What is the units digit of 103537?
7
What is the hundreds digit of 31736?
7
What is the hund